 245 + r. Suppose -6*f = -3*f - k. What is the units digit of f?
3
Let p = 7 + -12. Let r(v) = -8*v**2 + 29*v + 25. Let q(s) = -3*s**2 + 10*s + 8. Let y(i) = -11*q(i) + 4*r(i). What is the units digit of y(p)?
7
Suppose -4*p - 290 = -h - 71, -4*p = h - 211. What is the tens digit of h?
1
Suppose -3*y - 22 = -37, 0 = 3*v + 2*y - 1012. What is the units digit of v?
4
Let n(k) be the second derivative of k**4/3 + k**3/2 + 5*k**2/2 + 8*k. What is the units digit of n(-5)?
0
Suppose 0 = -3*u + 2*b + 2157, 1438 = -16*u + 18*u + 3*b. What is the tens digit of u?
1
Suppose -f + 0 + 6 = 0. Suppose 328 = 2*x + f*x. What is the units digit of x?
1
Suppose 0 = -m + 4*m - v - 14, v - 6 = -2*m. Suppose 5*b + 11 = -14, -3*o + m*b + 128 = 0. What is the tens digit of o?
3
Suppose -3*z = 4*l - 3345, -36*l + 32*l + 3351 = 5*z. What is the hundreds digit of l?
8
Let o = -234 + 1223. What is the tens digit of o?
8
Let i(x) = 6 - 13*x**2 + 62*x**2 - 2 + 0 + 4*x. What is the tens digit of i(-1)?
4
Suppose 5*v - 4*c + 22 = -12, 2*c = -4*v - 22. Let d be v/7*(-35)/10. Suppose k = -d*f + 149, 2*k + 0*k + 94 = 2*f. What is the units digit of f?
9
Let f be (-17)/(-17) + 0 + -1. Suppose c + c = f. Suppose d - 225 = -4*d - 5*j, c = -5*d - 4*j + 221. What is the tens digit of d?
4
Let o(n) = -n - 4. Let p be o(-8). Let a(b) = 8*b + 5. What is the units digit of a(p)?
7
Suppose -27 = -14*j + 5*j. Suppose -j*o = -n - 275 - 124, -o - 3*n = -143. What is the hundreds digit of o?
1
Let b = -118 - -119. What is the tens digit of (-3)/(-7) + (b - (-5031)/21)?
4
Suppose -18*r + 27*r = 7209. What is the hundreds digit of r?
8
Let i = -133 + 227. Suppose -3*u = -4*d + i, u - 124 = 5*u - 4*d. What is the units digit of (u/9)/((-6)/9)?
5
Let t = -20 + 23. Suppose t*g - 3 = 12. Suppose 4*v + g*l - 35 + 7 = 0, 0 = -5*v + 5*l - 10. What is the units digit of v?
2
Let i = 9 + -2. Let x = -47 + 32. Let l = i - x. What is the tens digit of l?
2
Let j = 12 - 7. What is the units digit of (-1)/j + 2037/35?
8
Let o(z) = z**2 - 3*z + 2. Let q be o(3). Suppose q*j - 8 = -2*j. What is the units digit of j?
2
Suppose 0 = -113*b + 108*b. Let c be ((-12)/(-9))/((-2)/(-3)). Suppose -8 = -c*g - b*g. What is the units digit of g?
4
Let x(m) = -m**3 + 2*m**2 + 4*m + 999. What is the units digit of x(0)?
9
Suppose -4*b + 8 = 0, 3*i - 17 = b + 11. Suppose -i = -2*x, 0 = 3*c - 3*x + 399 - 1269. Suppose -u + 6*u - c = 0. What is the units digit of u?
9
Suppose 0 = -4*q + 1072 + 32. What is the tens digit of q?
7
Suppose -2*n + 14 = 5*n. Suppose 5*q + 970 = 3*z + n*z, 3*z - 4*q - 578 = 0. What is the tens digit of z?
9
Suppose 2*d = -d - s - 36, -2*d - 5*s - 37 = 0. Let o = d - -18. Suppose 5*w - 160 = o*l - 2*l, 5*w + 4*l - 160 = 0. What is the units digit of w?
2
Let d = -245 - -55. Let s = d - -327. What is the hundreds digit of s?
1
Suppose 4*a - 18 = 126. Suppose a*t - 32*t - 448 = 0. What is the tens digit of t?
1
Let w = 182 + -165. Suppose -2*m = m - 27. Let n = w + m. What is the tens digit of n?
2
Suppose g + 1275 = 5*m - 0*g, -m = -g - 255. What is the hundreds digit of m?
2
Let i = 3288 - -1572. What is the thousands digit of i?
4
Suppose 22*g - 19*g - 504 = 0. Suppose 0 = -4*d - 2*x + 156, d - 4*x = -3*d + g. What is the units digit of d?
0
Suppose 6 = 4*o - 2. Suppose -4*s + 3*c = -244, 0 = -s + c + o + 58. What is the tens digit of s?
6
Let w(x) = -34*x**2 - 7*x + 10. Let t(b) = -33*b**2 - 6*b + 9. Let u(g) = -7*t(g) + 6*w(g). What is the tens digit of u(-2)?
0
Suppose 9*n - 178 = 1064. What is the units digit of n?
8
Let v(z) = 27*z**2 - 1. Let a be (-2)/(-4 + (3 - -3)) - -3. What is the tens digit of v(a)?
0
Suppose 0 = i + 4*m - 15, -3*m - 14 - 61 = -5*i. What is the units digit of -5 - (-88 + i/3)?
8
Let q = 6423 + -1084. What is the hundreds digit of q?
3
Suppose 0 = -l - 0*l + 33. Suppose 4*p = -3*q + 243, 154 = 4*p + 5*q - 99. Let s = p - l. What is the units digit of s?
4
Let n(c) = c**2 + 8*c - 2. Let b be n(-9). Let k(s) = s - 10. Let r be k(6). Let p = b - r. What is the tens digit of p?
1
Suppose 1198 + 306 = 5*b - 3*z, -2*z = -5*b + 1506. Suppose -b = -2*g - 0*q - 4*q, -g + 154 = q. What is the hundreds digit of g?
1
Let w be (1 + 0)*(4 + 3). Let s(y) = -y**3 + 7*y**2 + y + 13. What is the units digit of s(w)?
0
Let d = -131 - -109. What is the units digit of (-4)/d + (-2152)/(-22)?
8
Suppose 0 = -2*f - 13*f + 495. What is the units digit of f?
3
Let k = -5 + 9. Suppose -k*w + 154 = u, -7*u - 4*w = -5*u - 320. What is the hundreds digit of u?
1
Let u(p) = -p - 1. Let s(j) = 2*j + 15. Let f(x) = s(x) - 6*u(x). What is the units digit of f(6)?
9
Suppose 3*h + h = -80. What is the hundreds digit of 155 + 60/h + -1 + 3?
1
Suppose 5*q + 68 = 7*q. Suppose 0 = 2*p - 2*z + z - 129, -4*p - 2*z = -278. Let r = p - q. What is the units digit of r?
3
Suppose v + 5 = 0, 3*j = 5*j + 4*v - 418. What is the hundreds digit of j?
2
Suppose 4*i = 4*p + 32, -15 = -4*i - 5*p + 17. Suppose -i = -4*j + 2*j. Suppose 0 = -j*v - 5*q + 67, -104 = -3*v + 2*q - 25. What is the units digit of v?
3
Let w = 214 + 399. What is the tens digit of w?
1
Let a(u) be the third derivative of 5*u**4/8 - 13*u**3/6 - u**2. What is the units digit of a(7)?
2
What is the hundreds digit of -5*(-21)/15*110?
7
Let x = 841 + 1217. What is the tens digit of x?
5
Suppose -2*u - i = -5*u - 10, -4*u - 24 = 4*i. Suppose -38 = 25*c + 237. Let s = u - c. What is the units digit of s?
7
Let x(g) = g**2 + 2*g + 2. Let j be x(-3). Suppose -2*q - 94 = -3*w, 3*q - j*w = -2*w - 135. Let d = q - -68. What is the units digit of d?
7
Let h(u) = -12*u + 40. What is the hundreds digit of h(-10)?
1
Let l be (5/3)/((-9)/(-54)). Suppose -4*g = 26 + l. What is the tens digit of -12*2/(6/g)?
3
Suppose -5*i + 2750 = 3*p, -3*i + 2*p + 1947 = 297. What is the units digit of i?
0
Let k = 367 + -130. What is the units digit of 1/(k/(-60) + 4)?
0
Suppose 5*d + 5*j - j = 1208, 5*d - 5*j = 1190. Let k = 336 - d. What is the tens digit of k?
9
Suppose -3*k - o - 248 = 0, 2*k - 187 = 4*k + 5*o. Let y = k + 147. What is the units digit of y?
6
Suppose -382*m + 54672 = -365*m. What is the tens digit of m?
1
Let l(k) = k**3 - k**2 - k + 20. Let h be l(0). Let f be ((-5)/4)/(h/(-240)). Suppose 0 = y - 39 - f. What is the units digit of y?
4
Suppose f + f + 4*a = -10, 4*f = 2*a + 20. Suppose 4*k - 65 = f*k. Suppose -k = -3*x + 5*w, -w = -4*x + 4*w + 80. What is the tens digit of x?
1
Let x(g) = 2*g**2 + 6*g - 3. Let f be x(-8). What is the units digit of f/(-44)*(-49 + 1) + -3?
1
Let f(o) = -10*o**2 + 2*o + 1. Let m be f(-2). Suppose 5*t = -17 - 58. Let k = t - m. What is the tens digit of k?
2
Suppose 11 = -4*r - 21. Let h be (-5)/2 - (-1)/2. Let i = h - r. What is the units digit of i?
6
What is the units digit of 16/24*-1*(-36)/3?
8
Suppose 0 = -3*n + 4*b - 156, 0*n = -5*n + 2*b - 246. What is the hundreds digit of 53*31/8 - (-18)/n?
2
Let a be (-20)/(-70) + 19566/21. Suppose a = 6*w - 2*w. What is the hundreds digit of w?
2
What is the hundreds digit of ((-178)/3)/((-45)/270)?
3
Let x(o) = -o**2 + 22*o - 2. Let m be x(11). Let a = m + 38. What is the hundreds digit of a?
1
Suppose -1719 = 35*w - 11309. What is the hundreds digit of w?
2
Let p(h) be the second derivative of -h**5/60 + 13*h**4/24 - h**3/3 - 3*h**2/2 - 5*h. Let m(c) be the first derivative of p(c). What is the tens digit of m(9)?
3
Let r(q) = -5*q - 9. Let c(i) = -10*i - 17. Let d(z) = 6*c(z) - 11*r(z). Suppose 3 = 3*p, 4*j + 3*p = -j - 17. What is the tens digit of d(j)?
1
Suppose -24*r + 701 = -2947. What is the tens digit of r?
5
Suppose 12 = -2*i + 50. Let x be (-32)/(17/(-4) - -4). Suppose -i*p = -15*p - x. What is the tens digit of p?
3
Let t(n) = -n**2 - 10*n + 3. Let s be t(-10). Suppose -h + 28 = -4*w, 3*w = -s*h + 70 - 16. What is the units digit of h?
0
Let h = 215 + 243. What is the hundreds digit of h?
4
What is the thousands digit of (1181 - 0) + 0/(12/(-3))?
1
Let x be (-5)/(40/(-6)) - 90/(-8). Suppose -4*a = -2*m - x, 5*m + 4 = -3*a - 0. What is the units digit of a?
2
Let m = -3 + -5. Let v(n) = n**3 + 7*n**2 - 7*n + 9. Let d be v(m). Suppose -5*h - d = -6. What is the units digit of h?
1
Suppose 0 = 2*h - 10, -c - 4*h + 49 = 2. Suppose -745 = -2*g + 5*o, -g - 5*o = -49 - 286.